
6
Suppose 126 = 2*n - 0*n. Suppose 4*z + 4*w + 124 = 0, n = 4*z - 3*w + 166. What is the remainder when 27 is divided by (0 - z)/(3 + -1)?
13
Let q = 51 + 255. Calculate the remainder when q is divided by 61.
1
Suppose -4*x + 88 = 8. Suppose -h = -4*z + 3*z + 40, -3*h + 60 = 2*z. What is the remainder when z is divided by x?
16
Let h(m) = 20*m**3 + 2*m**2 + m - 4. What is the remainder when h(2) is divided by 44?
34
Let d = -1 - -5. Suppose -2*r - 8 - 2 = d*h, r - 4 = h. What is the remainder when (39 - 1) + (h - 0) is divided by 9?
8
Suppose 76*a - 68*a = 584. What is the remainder when 211 is divided by a?
65
Let b = -322 - -347. Calculate the remainder when 52 is divided by b.
2
Suppose -77*g = -50*g - 378. Calculate the remainder when 26 + (0 - 2 - -1) is divided by g.
11
Let g be (-711)/(-6)*(-2)/(-3). Let q = g - 62. What is the remainder when q is divided by 8?
1
Suppose 132*b - 1156 = 115*b. Calculate the remainder when b is divided by 11.
2
Let o be ((-184)/12)/((-6)/9). Let l = o - 38. Let r(t) = -3*t + 16. Calculate the remainder when r(l) is divided by 16.
13
Let h = -64 - -66. Suppose -3*o + 56 = -h*p - 56, 0 = 3*p - 3. Calculate the remainder when o is divided by 20.
18
Suppose 7*a - 21988 = -39*a. Calculate the remainder when a is divided by 44.
38
Suppose 0 = 4*j - 42 + 6. Suppose -4*l = -j*l - 15. What is the remainder when (4 + l)/((-2)/(-88)) is divided by 15?
14
Let j(g) = 53*g**2 + 2*g - 2. Suppose 0*a + 2*a = 8. Suppose 5*x - a = y, -2*x - 42 + 15 = -3*y. Calculate the remainder when j(1) is divided by y.
9
Let q = 2389 + -2366. What is the remainder when 89 is divided by q?
20
Suppose 0 = -5*a + 4*a + 1. Suppose a = l - 1. Suppose -4*d - 37 = -b + d, -l*b = -2*d - 58. Calculate the remainder when 53 is divided by b.
26
Let y(j) = 49*j**2 - j - 1. Let f be ((-3)/(-9))/((-6)/18). Let o(w) = w**3 - 6*w**2 + 2*w + 1. Calculate the remainder when y(f) is divided by o(6).
10
What is the remainder when (2 - (-80)/(-10)) + 265 is divided by 8?
3
Let y = -10 + 18. Suppose 5*k - 30 = -2*w, -k + 0*k + 6 = w. Suppose 5*g = 4*i - k*i + 13, g + 4*i + 1 = 0. What is the remainder when y is divided by g?
2
Let q(h) = -h + 14. Let d be q(10). Calculate the remainder when 129/6 + ((-13)/2)/(-13) is divided by ((-24)/(-9))/(d/18).
10
Let j = 475 - 445. What is the remainder when 101 is divided by j?
11
Suppose d + 5*c - 98 = 0, -3*d = -0*d - 5*c - 394. What is the remainder when d is divided by 9?
6
Let f = 57 + -48. Let v(r) = 14*r**2 - 3*r - 3. What is the remainder when v(-1) is divided by f?
5
Let o(a) = -2*a + 101. Let t be o(24). Let m(j) = -7*j. Let r be m(4). Let k = t + r. Calculate the remainder when k is divided by 9.
7
Suppose x + 6*m - 18 = 3*m, -x + 4*m + 39 = 0. Calculate the remainder when x is divided by 8.
3
Suppose -3*r = -9*r + 2736. What is the remainder when r/19 + (0 - 1) is divided by 12?
11
Let v(h) = -15*h**2 + h + 1. Let i be v(-1). Let y = 66 + -37. Calculate the remainder when y is divided by (-5 - 102/i)*(-20)/(-6).
5
Let b = -8 + 126. Suppose 0*v = 12*v - 204. Calculate the remainder when b is divided by v.
16
Suppose -1 = b, 4*b + 328 = -4*c - 1488. Calculate the remainder when ((-124)/(-6))/((-1)/(-3)) is divided by c/(-21) + 4/(-7).
20
Let z be (-4)/(-14) + (-10)/35. Suppose z = q - 14 - 2. Suppose 89 = 3*d - 97. Calculate the remainder when d is divided by q.
14
Let h = -26 - -24. Let r be ((-30)/20)/(h/(-36)). Calculate the remainder when r/(-18)*62/3 is divided by 11.
9
Let z = -97 - -184. What is the remainder when z is divided by 30?
27
Suppose 5*j = 5*p - 125, p - 28 = 3*j + j. Suppose 5*b + 2*d = -3*d, -4*d - p = -2*b. What is the remainder when b/8 + 154/4 is divided by 14?
11
Let c be ((-11)/22)/(1/(-10)). Suppose -2*m + 8 = 2*m. Calculate the remainder when 595/34*2/c is divided by m.
1
Suppose 2*p = -g + 19, 3*p = -3*g - 19 + 61. Let r = 123 + -65. Suppose 134 = 4*f - 6*i + 4*i, 2*f = 4*i + r. What is the remainder when f is divided by g?
8
Calculate the remainder when 250 is divided by (20 + 1)*(1 - (-3 - -2)).
40
Let q(x) = x**2 - 11*x + 11. Let g be q(9). Let w = -3 - g. Suppose -42 = -2*u + 5*c, 0 = -4*c + 2*c + w. What is the remainder when u is divided by 14?
12
Let s = 162 - -227. Calculate the remainder when s is divided by 23.
21
Let i(w) = 10*w - 67. Let f = -49 + 125. What is the remainder when f is divided by i(8)?
11
Let v(y) = 6*y + 1. Let x(u) = u**3 - 11*u**2 + 11*u - 10. Let g be x(10). Suppose 0 = 2*f - g*f - 148. Calculate the remainder when f is divided by v(3).
17
Let o(f) be the third derivative of f**5/60 + f**4/24 + 2*f**3/3 - 4*f**2. What is the remainder when o(-10) is divided by 24?
22
Let p = -232 + 266. Calculate the remainder when p is divided by 29.
5
What is the remainder when (17/((-187)/495))/(-1) is divided by 6?
3
Let p(g) = -g**2 - 13*g + 11. Let y be p(-14). What is the remainder when 62 is divided by y - 3*-8 - 0?
20
Suppose -4*r = -i - 3*i - 28, r - 55 = 5*i. Let o = 28 - i. Calculate the remainder when o is divided by (28/16)/(2/16).
12
Suppose 2*x + i + 1 = 0, i + 11 = -x + 4*x. Calculate the remainder when 7 is divided by x.
1
Let y(d) be the third derivative of 1/2*d**3 + 13/60*d**5 + 1/120*d**6 + 0*d + 1/2*d**4 + 0 - 4*d**2. What is the remainder when 10 is divided by y(-12)?
1
Let d(k) = 4*k + 19. Let f be d(-6). Let t(q) = -2*q**3 - 8*q**2 + 5*q - 9. What is the remainder when t(f) is divided by 3?
1
Let o(a) = 40*a + 2543. Suppose -y + 3*y = m - 2, 0 = 2*y + 5*m - 10. Suppose -g + 1 + 11 = y. Calculate the remainder when o(-63) is divided by g.
11
What is the remainder when (-3)/((-372)/8) + (-174708)/(-124) is divided by 30?
29
Calculate the remainder when (-2)/(-9) - 104049/(-891) is divided by 34.
15
Calculate the remainder when (19/(-5) - -3)/(10/(-175)) is divided by 5.
4
Let m(r) = r**3 - 9*r**2 + 22*r - 5. Let z(p) = -p**2 - p + 26. Calculate the remainder when m(7) is divided by z(0).
25
Let m(n) be the first derivative of -51*n**4/4 + n**3/3 - n - 2. What is the remainder when m(-1) is divided by 18?
15
Let f be (0 + -1)/(2/6). Let v be 1*(-5 - f)*-1. Suppose -v*b = 2*y - 24, -b - y = -3*y. What is the remainder when b is divided by 3?
2
Let h(w) = -w**3 - 44*w**2 + w + 99. What is the remainder when h(-44) is divided by 7?
6
Let s = 391 - 344. What is the remainder when s is divided by 37?
10
What is the remainder when 3/(-1) + -1 + (-846)/(-3) is divided by 28?
26
Let o(t) = -39*t**3 + 1. Suppose 0*n = n, 0 = -2*f - 4*n - 2. Let m be o(f). What is the remainder when (-248)/(-10) - (-8)/m is divided by 14?
11
Let j(y) = 90*y - 13. Let p(k) = 45*k - 6. Let m(a) = 6*j(a) - 11*p(a). Let z be m(3). Suppose -z = c - 4*c. What is the remainder when c is divided by 22?
19
Suppose -211*g + 214*g - 51 = 0. Suppose 0*m = 3*m - 9. Suppose i - m*p + p - 54 = 0, 2*i + 5*p - 90 = 0. What is the remainder when i is divided by g?
16
Let a(l) = -21*l + 3. Let g(r) = -22*r + 2. Let q(y) = -3*a(y) + 4*g(y). Suppose -227*c + 252*c - 1725 = 0. What is the remainder when c is divided by q(-1)?
21
Let z(w) = 3*w**3 - w - 2. Suppose -3*l + 10 = 2*l - 5*p, -14 = -3*l - p. What is the remainder when l/27*393 + (-8)/36 is divided by z(2)?
18
Suppose -36*n + 22*n = -644. What is the remainder when 258 is divided by n?
28
Suppose 2*b - 4*b + 24 = 4*d, 0 = -2*d - 2*b + 8. Suppose 5*j - 134 = -o, 3*j - 118 = -2*j + 3*o. Let q = j - d. What is the remainder when 49 is divided by q?
13
What is the remainder when 403 is divided by (-3)/18 + 595/42?
11
Suppose 45*k = 3*k + 924. Calculate the remainder when 68 is divided by k.
2
Let c be 2 + -13*(-2)/2. Suppose 0 = 3*a - q + 5 - c, 0 = -3*a + 3*q + 6. Calculate the remainder when 12 is divided by a.
0
Suppose 0*s + 165 = 5*l - 5*s, 41 = 2*l + 3*s. Calculate the remainder when 77 is divided by l.
21
Suppose 71 = 3*p + 26. What is the remainder when 87 is divided by p?
12
Let j(x) = -16*x - 5. Let l be j(-2). Suppose -2*o - l = 5*w, 3*w = 2*w - 1. What is the remainder when 23 is divided by o/(-22) - (-22)/4?
5
Let z = -9 + 13. Suppose -z*r + 44 = 2*h, 5*h - 5 - 14 = -3*r. Let b(g) = -g**3 + 5*g**2 - 4*g + 6. What is the remainder when r is divided by b(4)?
1
Let l be 4/5*(9 - (-5 - -4)). What is the remainder when l/(-